 -3*v - 5*b - 780 = -8*v. Is v composite?
True
Let j(o) = -3*o + 15. Let w be j(-9). Suppose -2*c + w = 3*l, 5*c - 112 = -7*l + 3*l. Let m(s) = 42*s - 53. Is m(c) a prime number?
False
Suppose 8*z + 29 = 5. Is 4/6*-3083*(0 + z) composite?
True
Let g = -331218 - -552719. Is g a composite number?
True
Is (5 + 33/(-7))*326123*99/18 a composite number?
True
Let f(p) = 3547*p - 1273. Is f(30) prime?
True
Let r = 149 + -97. Let c = r - 53. Is (2 + c)/((-1)/(-379)) a prime number?
True
Let t be (105/49 - (-1)/(-7)) + 5566. Suppose 0 = -p + 5*r + t, -16690 = -4*p + p + r. Is p composite?
False
Is (-637)/(-49) - (-162238 - 0) a composite number?
False
Suppose 16 = 4*g - 20. Suppose 13*v = g*v + 256. Suppose 94 + v = 2*k. Is k composite?
False
Let y(i) = 1915*i + 1217. Is y(18) a composite number?
True
Let y be (1 - 197)*(57 + -31). Let l = 7575 + y. Is l a prime number?
False
Let z(w) = -4*w + 20. Let l be z(8). Let f be (0 - (-2)/7)/(l/(-84)). Suppose -3*p = -12, -5*b + 0*b + f*p = -2577. Is b a prime number?
False
Suppose 3*m - 121 + 109 = 0. Suppose -4*d = -n + 3675, -6*d - 7374 = -2*n - m*d. Is n a prime number?
True
Let r(o) be the second derivative of 37*o**4 - o**3/2 - 2*o**2 - 275*o. Suppose -j - 1 = -0. Is r(j) a prime number?
True
Suppose 2*i = 5*i + p - 41733, 5*i - 3*p = 69569. Let v = -7669 + i. Is v composite?
True
Let d(c) = 2203*c**3 - 5*c + 16*c**2 + 6 + 3 - 2204*c**3. Is d(14) a composite number?
False
Suppose 0 = -3*d + 15*d - 96. Suppose 15*i = d*i + 28. Suppose i*m = 4283 + 22265. Is m composite?
False
Let w be (-6)/(-8) - (-13)/8*202. Let j = 485 - w. Let i = j - -221. Is i composite?
True
Suppose -4*b = -3*u + 3239433, 14*u + 5399003 = 19*u + 2*b. Is u composite?
True
Suppose 2061 = -d + 7657. Suppose -95*r + d = -93*r. Is r a composite number?
True
Suppose -13*h - 1 = -14*h. Let w be 3 - 25566/(-24) - h/4. Let t = w - 623. Is t composite?
True
Suppose -y = -j - 499, -8 = 3*j + 1. Suppose -11141 + y = -5*r. Is r prime?
True
Is 0 + -6 - (0 + 5 + 139197/(-1)) composite?
True
Let t be -1 + 0 + (-207)/(-10 + 1). Suppose t*b + 2166 = 11296. Is b composite?
True
Let n(t) = t**2 + 4. Let z(j) = 2331*j**2 - 3*j + 18. Let b(u) = -5*n(u) + z(u). Is b(1) a prime number?
False
Suppose 0 = -94*r - 64*r + 72838. Let j = -97 - -249. Let z = r + j. Is z prime?
True
Suppose 0 = -5*g - 3*y + 31, -y + 0*y + 27 = 5*g. Suppose 0 = -g*x - 79 + 104. Is 640 + 2/(x - 3) prime?
True
Suppose -28*p + 9629337 = -1827619. Is p prime?
True
Let p = 62691 - 21385. Suppose 3265 = -5*r - o + p, 15214 = 2*r + o. Is r a prime number?
False
Suppose 9*j - 248 - 202 = 0. Let k = j + -46. Let d(l) = 2*l**2 + 12*l - 1. Is d(k) a composite number?
False
Suppose 0 = -4*g - 12*k + 9*k + 45, 2*g - 10 = -4*k. Suppose -38936 = g*a - 23*a. Is a a prime number?
False
Let i be -1 - -1*(-5)/(-10)*430. Suppose m - 1713 = -i. Is m composite?
False
Suppose 228*p - 22779935 = 83*p. Is p composite?
False
Let p(t) = 5*t - 11. Let f be p(3). Let m be ((-762)/f)/((-12)/24). Suppose 0 = -3*r + 12, -y - 2*r + m + 78 = 0. Is y a composite number?
True
Let r(j) = j**3 - 12*j**2 + 2 + 2 + 0 + 29*j**2. Let p be r(-13). Let x = p + 107. Is x a prime number?
True
Suppose -5041694 = -134*v + 1404108. Is v a composite number?
True
Suppose 0 = -2*z - 9*z + 814170 + 150277. Is z composite?
True
Let u be 2559*((-28)/(-3) - 1). Suppose 24*x - 29*x + u = 0. Is x a composite number?
True
Let w(m) be the first derivative of 4957*m**7/840 - m**6/180 + m**4/12 + 7*m**3 - 18. Let n(b) be the third derivative of w(b). Is n(1) a prime number?
True
Suppose 0 = 8*d + 57*f - 56*f - 345780, 86430 = 2*d + 4*f. Is d composite?
False
Let i be 304/30 + (-10)/75. Let l be (-4 + 35/i)*0. Suppose 8*d - 9*d + 4861 = l. Is d prime?
True
Suppose -4*o - 3*q = q + 8, 2*q = -3*o - 9. Let b be 6546 - (3 + o - -5). Let r = -3506 + b. Is r prime?
True
Let h(g) = -10*g + 9. Suppose -7 = -2*d + 9. Suppose -6*o = -d*o - 14. Is h(o) prime?
True
Suppose 4*y - 18963 = 3*x + 14236, 3*y - 5*x = 24913. Let u = -4205 + y. Is u prime?
True
Let w(o) = o**3 - 2*o**2 + o + 26. Let r be w(0). Let z(a) = -5 - 10 + r*a + 20 + 80*a. Is z(5) a prime number?
False
Let f(g) = -12*g + 3. Let u be f(17). Let v be (-4)/((-24)/u)*2. Let a = v - -186. Is a a prime number?
False
Suppose 0 = 3*r - 3*n - 15060, 5*r + 0*n - 25084 = n. Suppose 3*d + 3*j = -0*d + r, 4*d - 4*j = 6672. Let b = -659 + d. Is b composite?
True
Let i be (60*12/(-9))/1. Is (-2)/(-5)*(-100)/i*17714 composite?
True
Let y = 4685 + -2721. Suppose 0 = 7*p - 689 - y. Is p a composite number?
False
Let w(l) = 179*l + 251. Let h be 0 + 93/4 + 3/4. Is w(h) a composite number?
False
Suppose -5*g - 7 = -6*g. Let j be (-3)/((-6)/g)*-8. Is (-54064)/j + (3/21 - 0) composite?
False
Let t(h) = 2*h + 9. Let o be t(-3). Let j = -54 + 58. Suppose 4612 = 4*i - 0*i - j*k, 2*i + o*k = 2296. Is i prime?
True
Is (27/(-288)*-8 - 278242/(-8))*1 a composite number?
False
Suppose a + k - 3470 = -673, 0 = 5*a - 5*k - 13935. Let y = a + -1431. Is y prime?
True
Suppose -28*m + 1428057 + 131851 = 0. Is m composite?
False
Let g(q) = -8 + 108 + 172*q + 45*q + 0. Is g(9) composite?
False
Suppose 30*i + 104*i - 17150 = 41006. Let g(b) = 2*b**2 - b - 1. Let j be g(-1). Suppose 0 = 3*r + f - i, j*f = 2*r + 2*r - 582. Is r composite?
True
Suppose -24059331 = -130*m + 30605799. Is m composite?
True
Let r = 34 - -1091. Suppose 0 = 3*u - u + 1472. Let v = u + r. Is v a composite number?
False
Let l(p) = -14874*p**3 + p**2 - 1. Let b be l(-1). Suppose -7*a + a = -b. Is a composite?
True
Let n(v) = 53*v**2 + 141*v - 301. Is n(78) a prime number?
False
Suppose -2*g - 2 = 0, -4*c + 26*g = 31*g + 961. Let z = 1092 + c. Is z a composite number?
False
Let z(g) = -g**2 + g + 3. Let j be z(0). Suppose 2*o - o = j*l + 1109, 0 = 2*o - l - 2228. Is o prime?
False
Let t(v) = -884*v - 2317. Is t(-72) a prime number?
True
Suppose 5 + 25 = 15*i. Suppose -1004 = -i*w - 0*m - 3*m, 4*w - 1992 = 2*m. Is w prime?
True
Suppose -3*m + 8*h + 6 = 4*h, -2*m = -4*h - 4. Is -1 - -3578 - (m - 1)*3 composite?
True
Let p be -1 + 6 + 54/18. Let a(z) be the second derivative of 95*z**3/6 - 9*z**2/2 + 3*z. Is a(p) a composite number?
False
Let n(d) = d**2 - d - 8. Let m be n(4). Let i = 7 - m. Is (-8415)/30*(1/i + -1) prime?
False
Is (4880274/(-42))/((1 + 1)/1 - 3) a composite number?
True
Let q = -317 - -321. Suppose -q*k = 2*a - 7814, 16*a - 13*a = 2*k + 11721. Is a composite?
False
Let u(a) be the first derivative of -6*a**2 - 20*a + 6. Let y be u(-5). Is ((-4124)/10)/((-16)/y) composite?
False
Let m = -10 - -15. Suppose -n = m*h + 17, 0*n - 11 = -n + 2*h. Is (94 - (n + -3)) + -1 prime?
False
Let x be (-8)/28 + 564/14. Let w be ((-16)/20)/((-2)/x*1). Let b = w + 366. Is b composite?
True
Let t(h) = h**3 - 18*h**2 + 31*h - 28. Let m be t(12). Let x = m + 1623. Is x composite?
False
Suppose 4*c - 2*w = -2, -7*w = -2*c - 10*w + 19. Is c/11 + (-716)/(-44)*25 composite?
True
Suppose -12*b - 4*b = -64. Suppose b*c - 1791 = 4453. Is c a prime number?
False
Let h be (-12)/(-9)*(-6)/(-2). Let o(m) = 17*m**3 - 6*m - 18*m**3 - h - 7 - 4*m**2. Is o(-6) a prime number?
True
Let l = 12077 + -8170. Is l a composite number?
False
Let i = 28763 - 41508. Let k = i - -17900. Is k a prime number?
False
Suppose 3*c + 5*c = 3*c + 250165. Is c a composite number?
False
Let v(r) be the third derivative of r**6/10 - r**5/20 - r**4/8 + 7*r**3/6 + 26*r**2 + 2. Is v(6) a composite number?
False
Let a(t) = 479*t**2 - 7*t. Let s be a(-3). Let o = s + -2183. Is o prime?
False
Let w(l) = l**2 - 2*l + 10. Let y be w(0). Suppose -11879 = -y*b + 131. Is b a prime number?
True
Let p = 561 + -559. Suppose 0 = -p*b - 5*r + 3519, -5*b - 2*r + 6*r + 8781 = 0. Is b a prime number?
False
Let k = -227 - -229. Suppose 0 = -k*z - 4*f + 9310, -13738 = -2*z + 4*f - 4396. Is z a composite number?
False
Let u = 5 - 3. Suppose 0 = -u*a - 3*h - 4429, 0 = 4*a - 4*h + 5033 + 3835. Let r = -1051 - a. Is r composite?
True
Let y = 1 + -2. Let q(f) = -3228*f - 3. Let g be q(y). Suppose -4*h = -u + 667, 5*u - 10*u = 2*h - g. Is u prime?
True
Suppose t = -4*v + 31, 3*v + 12 = 5*v + 4*t. Suppose 3*p + v = 2*j, 3 - 7 = 2*j. Is 3/(-12)*-2 - 2226/p a prime number?
True
Suppose 0 = -2*m + 2*q + 1592, -q = 51 - 52.